MONTHLY CLIMATOLOGICAL SUMMARY for AUG. 2013

NAME: Davis Vantage Pro 2   CITY: Ibiza ciudad STATE: Islas Baleares
ELEV: 27 LAT: 038:54:45 LONG: -001:24:58

                            TEMPERATURE ( C), RAIN (mm), WIND SPEED (kmh)

                                               HEAT     COOL           AVG
      MEAN                                     DEG      DEG            WIND                       DOM
DAY   TEMP    HIGH   TIME     LOW    TIME      DAYS     DAYS    RAIN   SPEED    HIGH    TIME      DIR
----------------------------------------------------------------------------------------------------------------------------------------------------------
01    25.6    28.1   11:56    20.8   05:18     00.0     07.3    00.0   03.8     20.4    13:17     ESE
02    26.4    27.9   13:45    22.9   04:07     00.0     08.1    00.0   06.2     22.2    18:49     ESE
03    26.7    29.3   14:51    23.9   02:53     00.0     08.4    00.0   06.3     37.0    11:02      E 
04    26.7    29.3   11:38    23.9   05:19     00.0     08.4    00.0   06.6     22.2    10:05      E 
05    26.6    28.9   13:29    24.0   05:03     00.0     08.3    00.0   04.8     22.2    19:22     ESE
06    27.1    30.0   15:54    24.6   05:42     00.0     08.8    00.0   06.7     27.8    23:23      S 
07    27.5    31.1   15:29    25.0   05:43     00.0     09.2    00.0   06.9     29.6    01:02      SW
08    25.9    28.0   15:58    23.3   00:00     00.0     07.6    00.0   14.7     50.0    08:13     NNE
09    25.3    29.3   16:08    20.5   05:22     00.0     07.0    00.0   03.9     31.4    13:40     ESE
10    24.9    28.3   13:57    20.7   05:33     00.0     06.6    00.0   05.0     29.6    14:52     SSW
11    25.1    27.8   14:51    20.9   04:36     00.0     06.8    00.0   04.2     24.1    15:10     SSE
12    25.4    28.0   13:43    20.8   05:42     00.0     07.1    00.0   03.5     20.4    15:42      SE
13    26.2    28.4   14:05    23.3   05:04     00.0     07.9    00.0   07.3     31.4    13:43     ENE
14    26.4    28.8   13:00    24.0   04:38     00.0     08.1    00.0   06.9     31.4    09:22      E 
15    26.4    28.4   13:56    23.3   05:51     00.0     08.1    00.0   04.7     22.2    14:57      SE
16    26.3    28.4   12:55    23.4   05:55     00.0     08.0    00.0   04.3     22.2    23:57      SE
17    26.3    28.4   12:37    24.0   06:19     00.0     08.0    00.0   04.8     29.6    10:50      E 
18    26.5    28.7   11:47    23.8   04:39     00.0     08.2    00.6   04.6     24.1    13:31     ESE
19    26.6    28.9   12:41    23.7   04:50     00.0     08.3    00.0   04.1     24.1    11:42     ESE
20    26.0    28.0   14:05    23.8   00:00     00.0     07.7    00.0   06.5     29.6    07:40      E 
21    25.4    28.7   11:43    20.6   05:32     00.0     07.1    00.0   05.0     20.4    16:34      SE
22    25.4    27.9   13:12    21.8   05:14     00.0     07.1    00.0   07.0     37.0    21:56     SSE
23    26.2    28.2   12:56    24.4   00:00     00.0     07.9    00.0   05.5     27.8    14:09     ESE
24    25.6    28.1   12:43    23.1   05:37     00.0     07.3    00.0   05.2     27.8    12:56      E 
25    25.6    27.6   11:18    23.1   05:49     00.0     07.3    00.0   02.9     22.2    12:01     SSE
26    23.6    26.2   15:53    20.6   19:53     00.0     05.3    09.0   05.2     42.5    19:04      E 
27    23.6    26.6   11:40    20.1   03:57     00.0     05.3    04.4   04.6     22.2    18:05     ENE
28    25.1    27.2   11:19    23.2   01:14     00.0     06.8    00.0   11.1     35.1    15:09     ENE
29    24.8    27.1   14:01    21.4   02:30     00.0     06.5    00.2   09.4     37.0    09:22     ENE
30    23.6    24.8   09:27    22.0   10:38     00.0     05.3    02.6   09.7     31.4    09:27     NNE
31    24.8    27.7   14:30    21.7   05:14     00.0     06.5    00.0   10.7     42.5    13:33     NNE
----------------------------------------------------------------------------------------------------------------------------------------------------------
25.7 (25.4)   31.1  day 07     20.1  day 27   000.0    230.3   016.8   06.2     50.0   day 08      E 
Max >=  20: 31
Max Rain: 9.0 ON 26-08-13
Days of Rain: 5 (> .2mm) 3 (> 2mm) 0 (> 20mm)