MONTHLY CLIMATOLOGICAL SUMMARY for AUG. 2015

NAME: Davis Vantage Pro 2   CITY: Ibiza ciudad STATE: Islas Baleares
ELEV: 27 LAT: 038:54:45 LONG: -001:24:58

                            TEMPERATURE ( C), RAIN (mm), WIND SPEED (kmh)

                                               HEAT     COOL           AVG
      MEAN                                     DEG      DEG            WIND                       DOM
DAY   TEMP    HIGH   TIME     LOW    TIME      DAYS     DAYS    RAIN   SPEED    HIGH    TIME      DIR
----------------------------------------------------------------------------------------------------------------------------------------------------------
01    26.8    29.6   14:13    24.2   08:43     00.0     08.5    00.2   12.0     42.5    08:18     NNE
02    26.4    28.7   14:10    24.2   05:35     00.0     08.1    00.0   07.0     24.1    11:49      E 
03    26.9    29.3   14:47    22.9   05:12     00.0     08.6    00.0   06.0     22.2    10:37      E 
04    27.3    29.8   12:54    25.1   03:10     00.0     09.0    00.0   07.9     31.4    08:12     ENE
05    27.3    29.1   12:03    24.6   05:32     00.0     09.0    00.0   05.6     24.1    14:23     ESE
06    27.3    29.4   15:39    24.8   04:29     00.0     09.0    00.0   06.1     20.4    08:57      E 
07    28.2    30.9   12:42    25.8   05:00     00.0     09.9    00.0   04.4     18.5    09:30      E 
08    28.7    33.1   14:52    26.4   23:10     00.0     10.4    00.0   08.7     48.1    18:13     NNE
09    27.1    29.2   12:04    25.5   00:00     00.0     08.8    00.0   09.1     31.4    11:41     ENE
10    26.6    29.8   10:51    24.4   04:38     00.0     08.3    00.0   05.9     27.8    11:47      E 
11    26.9    29.7   13:34    23.2   04:24     00.0     08.6    00.0   06.2     25.9    15:05      SE
12    27.8    29.8   14:22    26.3   05:01     00.0     09.5    00.0   07.1     22.2    20:24      SE
13    29.0    34.4   13:34    26.1   04:32     00.0     10.7    00.0   11.5     42.5    12:54      SW
14    27.6    29.7   11:54    25.7   00:00     00.0     09.3    00.0   11.2     38.9    08:19     NNE
15    23.3    25.7   00:26    19.9   05:35     00.0     05.0    20.2   06.9     44.4    04:40      NE
16    25.1    27.9   13:02    20.9   05:36     00.0     06.8    00.0   07.8     29.6    13:51     SSW
17    26.3    28.6   12:16    25.0   00:51     00.0     08.0    00.0   10.2     35.1    13:32     SSE
18    25.9    28.8   11:03    23.2   19:08     00.0     07.6    37.4   06.4     25.9    12:58      E 
19    24.6    26.3   16:48    21.7   11:57     00.0     06.3    16.8   07.2     33.3    11:54     ENE
20    25.9    28.3   12:59    22.6   03:52     00.0     07.6    00.0   05.5     25.9    12:00     ESE
21    26.0    28.2   12:35    23.1   04:48     00.0     07.7    00.0   06.6     25.9    14:42     ESE
22    26.2    28.4   11:36    23.4   05:10     00.0     07.9    00.0   07.7     25.9    09:38      E 
23    26.9    30.5   12:20    24.3   05:19     00.0     08.6    00.0   10.9     40.7    12:38      SW
24    27.0    30.3   13:50    24.7   00:00     00.0     08.7    00.0   11.7     40.7    11:01     WSW
25    25.9    27.8   15:15    22.7   04:56     00.0     07.6    00.0   05.3     20.4    16:33     ESE
26    26.1    28.1   13:29    23.7   05:40     00.0     07.8    00.0   07.2     25.9    10:17      E 
27    25.7    28.2   13:37    21.9   04:36     00.0     07.4    00.0   04.9     24.1    14:11     ESE
28    26.0    28.2   14:57    22.8   04:23     00.0     07.7    00.0   06.4     20.4    21:43      E 
29    26.5    29.4   16:26    23.9   04:38     00.0     08.2    00.0   10.2     29.6    16:58      NE
30    27.0    28.9   14:04    25.6   04:45     00.0     08.7    00.0   08.6     29.6    12:04      NE
31    26.8    30.3   10:54    24.4   05:44     00.0     08.5    01.4   06.1     44.4    20:53      NE
----------------------------------------------------------------------------------------------------------------------------------------------------------
26.6 (26.6)   34.4  day 13     19.9  day 15   000.0    258.0   076.0   07.7     48.1   day 15      E 
Max >=  20: 31
Max Rain: 37.4 ON 18-08-15
Days of Rain: 5 (> .2mm) 3 (> 2mm) 2 (> 20mm)