MONTHLY CLIMATOLOGICAL SUMMARY for AUG. 2016

NAME: Davis Vantage Pro 2   CITY: Ibiza ciudad STATE: Islas Baleares
ELEV: 27 LAT: 038:54:45 LONG: -001:24:58

                            TEMPERATURE ( C), RAIN (mm), WIND SPEED (kmh)

                                               HEAT     COOL           AVG
      MEAN                                     DEG      DEG            WIND                       DOM
DAY   TEMP    HIGH   TIME     LOW    TIME      DAYS     DAYS    RAIN   SPEED    HIGH    TIME      DIR
----------------------------------------------------------------------------------------------------------------------------------------------------------
01    26.2    27.9   14:39    24.9   05:24     00.0     07.9    00.0   12.1     37.0    07:45     ENE
02    25.6    27.5   13:21    22.8   05:32     00.0     07.3    00.0   05.3     22.2    13:51     ESE
03    25.8    28.0   14:18    22.7   03:27     00.0     07.5    00.0   04.9     25.9    14:57     ESE
04    25.9    27.9   15:27    23.9   02:40     00.0     07.6    00.0   06.6     27.8    12:00     ENE
05    25.8    28.1   12:32    23.7   00:57     00.0     07.5    00.0   12.5     44.4    07:10     ENE
06    25.3    27.2   11:34    22.7   04:55     00.0     07.0    00.0   05.9     22.2    14:47     ESE
07    25.0    28.7   15:42    20.3   04:35     00.0     06.7    00.0   06.9     27.8    14:06      NE
08    26.2    29.5   15:03    22.9   00:00     00.0     07.9    00.0   07.8     25.9    13:48     ENE
09    25.8    29.1   15:29    21.1   04:26     00.0     07.5    00.0   05.8     27.8    23:25      E 
10    23.5    25.8   00:01    21.6   14:10     00.0     05.2    09.2   07.0     31.4    09:49     ENE
11    23.8    26.6   10:49    19.7   05:14     00.0     05.5    00.0   04.4     18.5    17:28     ESE
12    24.2    26.8   12:42    21.2   01:19     00.0     05.9    00.0   06.0     27.8    09:45      E 
13    23.9    27.3   12:23    19.5   04:06     00.0     05.6    00.0   06.5     29.6    15:35      E 
14    24.6    27.6   11:28    20.7   02:59     00.0     06.3    00.0   08.7     25.9    14:00     ENE
15    24.5    26.7   13:11    21.6   03:58     00.0     06.2    00.0   05.6     20.4    13:38      E 
16    24.8    28.0   15:19    22.6   04:16     00.0     06.5    00.0   06.5     33.3    11:52      SW
17    25.8    29.6   14:17    23.0   05:10     00.0     07.5    00.0   09.3     33.3    11:51     SSW
18    26.4    29.7   14:35    24.3   00:00     00.0     08.1    00.0   08.9     27.8    12:14     SSW
19    26.7    30.7   15:19    22.3   05:37     00.0     08.4    00.0   06.5     29.6    13:19     SSW
20    26.7    29.4   11:24    23.5   05:44     00.0     08.4    00.0   07.5     31.4    16:03     ENE
21    25.7    27.3   14:39    24.4   23:59     00.0     07.4    00.0   10.4     31.4    08:59     ENE
22    25.3    27.6   16:01    22.8   05:32     00.0     07.0    00.0   04.8     18.5    16:27     ESE
23    25.4    28.7   14:10    22.4   00:37     00.0     07.1    00.0   07.8     22.2    10:09     ENE
24    25.2    28.6   15:01    22.4   03:53     00.0     06.9    00.0   07.5     31.4    13:23     ENE
25    24.5    27.2   13:01    20.7   04:47     00.0     06.2    00.0   05.1     22.2    12:08      E 
26    24.4    27.3   13:01    19.7   04:23     00.0     06.1    00.0   04.7     24.1    11:27      E 
27    24.9    27.6   13:02    20.8   05:57     00.0     06.6    00.0   03.9     18.5    17:24      SE
28    25.8    28.0   12:25    23.8   04:05     00.0     07.5    00.0   07.3     25.9    13:37     SSE
29    25.8    28.3   13:29    23.2   05:27     00.0     07.5    00.0   06.3     25.9    12:51      E 
30    25.7    27.3   11:31    24.5   04:43     00.0     07.4    00.0   09.7     25.9    08:21      E 
31    25.4    27.3   10:58    23.3   05:45     00.0     07.1    00.0   05.8     20.4    11:08      E 
----------------------------------------------------------------------------------------------------------------------------------------------------------
25.3 (25.2)   30.7  day 19     19.5  day 13   000.0    217.3   009.2   07.0     44.4   day 05      E 
Max >=  20: 31
Max Rain: 9.2 ON 10-08-16
Days of Rain: 1 (> .2mm) 1 (> 2mm) 0 (> 20mm)