MONTHLY CLIMATOLOGICAL SUMMARY for AUG. 2017

NAME: Davis Vantage Pro 2   CITY: Ibiza ciudad STATE: Islas Baleares
ELEV: 27 LAT: 038:54:45 LONG: -001:24:58

                            TEMPERATURE ( C), RAIN (mm), WIND SPEED (kmh)

                                               HEAT     COOL           AVG
      MEAN                                     DEG      DEG            WIND                       DOM
DAY   TEMP    HIGH   TIME     LOW    TIME      DAYS     DAYS    RAIN   SPEED    HIGH    TIME      DIR
--------------------------------------------------------------------------------------------------------
01    29.3    34.6   15:20    26.3   04:22     00.0     11.0    00.0   08.4     35.1    16:26     NNE
02    31.0    34.4   14:26    28.4   05:51     00.0     12.7    00.0   08.4     31.4    07:53     ENE
03    29.7    32.3   09:45    27.1   23:58     00.0     11.4    00.0   05.3     18.5    14:10      E 
04    28.5    31.2   08:30    25.4   05:05     00.0     10.2    00.0   03.7     20.4    13:14      SE
05    28.2    31.6   12:23    24.0   04:04     00.0     09.9    00.0   04.1     18.5    16:01      E 
06    27.9    30.1   12:35    25.8   04:44     00.0     09.6    00.0   08.5     31.4    08:30      E 
07    27.7    29.8   14:59    25.3   04:58     00.0     09.4    00.0   07.7     24.1    17:34      SE
08    28.7    34.3   11:10    26.2   00:00     00.0     10.4    00.0   13.2     31.4    17:44      N 
09    25.7    27.0   10:29    20.4   00:00     00.0     07.4    38.4   17.1     61.0    23:57     ENE
10    21.9    25.3   14:24    19.0   08:22     00.0     03.6    16.4   13.2     50.0    00:11     NNE
11    22.5    26.2   10:31    18.3   05:13     00.0     04.2    00.0   05.9     25.9    13:36     ENE
12    24.7    27.4   12:34    19.7   04:37     00.0     06.4    00.0   07.3     22.2    14:47      E 
13    24.9    27.0   15:47    21.8   05:33     00.0     06.6    00.0   07.4     24.1    21:09     ENE
14    25.4    27.7   13:37    22.8   04:02     00.0     07.1    00.0   11.0     35.1    17:35     ENE
15    26.5    29.0   13:46    24.2   04:06     00.0     08.2    00.0   10.9     31.4    12:45      NE
16    26.9    29.1   08:42    24.9   03:28     00.0     08.6    00.0   06.0     22.2    10:29     ENE
17    27.1    29.2   11:30    25.3   00:10     00.0     08.8    00.0   06.5     24.1    04:10     ENE
18    26.6    29.2   13:40    23.2   04:50     00.0     08.3    00.0   04.2     18.5    18:00     ESE
19    26.3    28.5   00:00    24.1   00:30     00.0     08.0    00.0   09.1     31.4    08:20     ENE
20    26.2    28.5   00:00    24.8   05:40     00.0     07.9    00.0   09.1     29.6    09:19      E 
21    25.5    28.5   00:00    22.2   00:00     00.0     07.2    00.0   05.4     22.2    12:00      E 
22    24.9    28.5   18:08    20.8   04:50     00.0     06.6    00.0   04.6     18.5    20:56     ESE
23    25.3    27.8   14:03    21.2   04:44     00.0     07.0    00.0   04.7     18.5    18:49     ESE
24    25.7    28.1   13:22    21.8   03:03     00.0     07.4    00.0   07.1     25.9    09:26     ENE
25    26.0    28.4   11:48    23.8   04:44     00.0     07.7    00.0   05.3     20.4    19:17      E 
26    26.4    28.7   13:38    24.4   06:38     00.0     08.1    00.0   08.3     25.9    12:03     ENE
27    26.5    30.2   10:04    24.4   05:54     00.0     08.2    00.0   07.4     25.9    03:16      NE
28    26.3    29.3   15:26    23.8   05:02     00.0     08.0    00.0   06.1     29.6    12:55     NNW
29    25.8    29.1   14:49    22.6   00:00     00.0     07.5    00.6   11.8     57.4    23:53      N 
30    25.2    29.1   12:53    21.8   02:22     00.0     06.9    00.4   10.8     61.0    00:58      W 
31    25.4    28.2   11:02    23.3   06:14     00.0     07.1    00.2   07.2     31.4    17:22      NE
--------------------------------------------------------------------------------------------------------
26.4 (26.4)   34.6  day 01     18.3  day 11   000.0    251.6   056.4   07.9     61.1   day 30     ENE
Max >=  20: 31
Max Rain: 38.4 ON 9-08-17
Days of Rain: 5 (> .2mm) 2 (> 2mm) 1 (> 20mm)