MONTHLY CLIMATOLOGICAL SUMMARY for AUG. 2021 NAME: Davis Vantage Pro 2 CITY: Eivissa STATE: Islas Baleares ELEV: 27 LAT: 038:54:26 LONG: 0001:24:47 TEMPERATURE ( °C), RAIN (mm), WIND SPEED (kmh) HEAT COOL AVG MEAN DEG DEG WIND DOM DAY TEMP HIGH TIME LOW TIME DAYS DAYS RAIN SPEED HIGH TIME DIR -------------------------------------------------------------------------------------------------------- 01 24.1 27.2 09:13 22.0 05:17 00.0 05.8 00.0 09.0 33.3 00:21 NE 02 24.9 27.7 13:18 21.0 03:40 00.0 06.6 00.0 08.7 24.1 15:55 ENE 03 25.6 30.0 13:10 22.5 04:23 00.0 07.3 00.0 08.3 27.8 13:41 ENE 04 25.6 28.0 15:56 23.2 04:56 00.0 07.3 00.0 10.8 42.5 10:41 SW 05 26.5 30.2 15:56 23.3 04:18 00.0 08.2 00.0 07.8 27.8 10:26 SSW 06 26.8 29.5 11:31 24.9 05:18 00.0 08.5 00.0 09.9 25.9 13:06 S 07 28.0 33.9 12:18 24.1 05:30 00.0 09.7 00.0 07.0 29.6 11:28 SW 08 26.0 27.7 14:51 25.1 00:00 00.0 07.7 00.0 15.6 38.9 10:07 ENE 09 26.5 30.1 15:59 24.0 05:31 00.0 08.2 00.0 12.7 35.1 16:43 NE 10 27.4 30.4 13:22 24.8 04:03 00.0 09.1 00.0 09.2 40.7 15:37 NNE 11 28.7 31.4 15:35 26.1 01:48 00.0 10.4 00.0 09.0 33.3 06:51 NNE 12 29.4 33.6 11:25 25.8 00:00 00.0 11.1 00.0 08.6 51.8 02:12 NNE 13 28.3 32.7 09:20 23.9 05:46 00.0 10.0 00.0 05.4 27.8 07:34 ENE 14 27.7 32.3 17:03 23.4 04:34 00.0 09.4 00.0 05.2 40.7 17:23 E 15 29.4 32.3 13:50 26.4 03:53 00.0 11.1 00.0 06.8 44.4 17:57 E 16 28.1 31.8 07:15 25.5 00:00 00.0 09.8 00.0 12.2 44.4 01:47 ENE 17 26.0 27.8 11:37 24.2 00:00 00.0 07.7 00.0 09.0 31.4 01:34 E 18 25.7 28.6 14:01 22.5 04:52 00.0 07.4 00.0 06.3 25.9 14:35 SSE 19 26.3 28.4 13:49 23.9 05:39 00.0 08.0 00.0 07.1 24.1 12:46 ESE 20 26.3 28.8 12:46 22.9 05:24 00.0 08.0 00.0 06.2 24.1 11:04 ESE 21 26.5 28.8 14:07 23.7 05:22 00.0 08.2 00.0 07.5 20.4 10:53 ENE 22 27.6 30.8 12:52 24.4 05:19 00.0 09.3 00.0 10.6 29.6 08:21 NE 23 26.8 29.1 12:29 24.8 00:00 00.0 08.5 00.0 13.5 31.4 09:09 ENE 24 26.2 27.8 13:21 23.8 06:00 00.0 07.9 00.2 11.1 31.4 14:14 ENE 25 26.0 28.3 12:28 23.8 05:46 00.0 07.7 00.0 07.1 25.9 14:53 ENE 26 25.6 28.3 12:36 22.0 05:10 00.0 07.3 00.0 06.4 25.9 14:41 SSE 27 26.8 29.7 13:57 24.3 03:03 00.0 08.5 00.0 11.9 35.1 13:25 SW 28 27.0 29.6 10:24 24.6 05:43 00.0 08.7 00.0 11.0 29.6 11:46 E 29 26.4 28.5 12:51 25.1 05:44 00.0 08.1 00.0 11.4 33.3 01:03 ESE 30 26.0 28.3 13:59 21.8 08:08 00.0 07.7 00.4 10.0 37.0 07:39 SE 31 26.0 28.1 12:38 23.4 05:44 00.0 07.7 00.2 10.0 29.6 23:37 ENE -------------------------------------------------------------------------------------------------------- 26.7 (26.8) 33.9 day 07 21.0 day 02 000.0 260.6 000.8 09.2 51.8 day 12 E Max >= 30: 12 Min <= 30: 31 Max Rain: 0.4 ON 30-08-21 Days of Rain: 3 (> .2mm) 0 (> 2mm) 0 (> 20mm)