MONTHLY CLIMATOLOGICAL SUMMARY for SEP. 2011

NAME: Davis Vantage Pro 2   CITY: Ibiza ciudad STATE: Islas Baleares
ELEV: 27 LAT: 038:54:45 LONG: -001:24:58

                            TEMPERATURE ( C), RAIN (mm), WIND SPEED (kmh)

                                                 HEAT     COOL           AVG
      MEAN                                       DEG      DEG            WIND                        DOM
DAY   TEMP    HIGH   TIME      LOW     TIME      DAYS     DAYS   RAIN    SPEED    HIGH    TIME       DIR
----------------------------------------------------------------------------------------------------------------------------------------------------------
01    26.2    28.9   15:32    23.3   04:43     00.0     07.9    00.0   04.7     20.4    10:49      S 
02    26.1    31.9   11:53    23.2   03:48     00.0     07.8    00.0   09.5     48.1    16:49     WNW
03    24.5    26.2   15:25    22.2   07:53     00.0     06.2    00.2   11.4     35.2    10:58      SW
04    25.9    29.3   14:52    22.8   04:55     00.0     07.6    00.0   09.1     31.5    16:08      W 
05    26.1    29.5   13:15    23.6   05:30     00.0     07.8    00.0   08.8     27.8    14:39      SW
06    25.5    28.1   13:14    22.5   05:22     00.0     07.2    00.0   05.0     20.4    13:55     SSE
07    25.3    28.7   14:36    21.5   06:10     00.0     07.0    00.0   05.7     27.8    13:28     SSW
08    25.7    28.0   13:13    22.0   06:06     00.0     07.4    00.0   08.2     29.6    13:14     SSW
09    25.5    28.4   13:13    21.8   04:20     00.0     07.2    00.0   05.9     24.1    15:00     SSE
10    25.3    27.7   14:37    21.4   05:37     00.0     07.0    00.0   05.8     22.2    09:49     SSE
11    25.0    28.2   14:48    21.5   06:22     00.0     06.7    00.0   07.3     31.5    15:24      SW
12    25.3    28.1   12:20    20.8   05:45     00.0     07.0    00.0   07.0     25.9    11:45      SE
13    25.3    28.0   17:16    21.3   04:38     00.0     07.0    00.0   05.3     25.9    12:46      SE
14    25.9    29.1   13:03    21.6   04:17     00.0     07.6    00.0   09.6     35.2    07:46     ENE
15    25.4    28.2   11:53    21.8   05:39     00.0     07.1    00.0   07.3     29.6    11:13      E 
16    25.1    27.3   12:06    22.4   04:50     00.0     06.8    00.0   06.1     20.4    14:21     ESE
17    25.2    28.2   14:49    22.2   05:49     00.0     06.9    00.0   06.7     29.6    23:14     SSW
18    25.0    28.7   12:30    21.3   22:29     00.0     06.7    00.0   15.8     57.4    19:43     NNE
19    22.4    24.9   16:59    19.1   05:15     00.0     04.1    00.0   10.6     51.8    00:39      N 
20    24.3    25.6   12:02    17.7   06:02     00.0     06.0    00.0   07.3     35.2    00:01      SE
21    24.5    25.8   12:58    20.4   06:17     00.0     06.2    00.0   07.8     35.2    00:01     ESE
22    24.3    26.6   11:51    19.8   06:14     00.0     06.0    00.0   04.9     35.2    00:01      SE
23    23.1    26.1   12:15    19.1   04:10     00.0     04.8    00.0   05.4     18.5    16:41     SSE
24    23.2    25.9   15:13    20.4   07:13     00.0     04.9    03.4   06.5     24.1    13:18      NW
25    24.3    26.8   13:17    19.2   00:01     00.0     06.0    00.0   09.1     31.5    10:57      NE
26    23.1    25.6   11:45    18.9   02:48     00.0     04.8    00.0   08.1     35.2    13:34      E 
27    23.1    25.7   16:01    19.1   02:57     00.0     04.8    00.0   09.6     31.5    14:08      E 
28    24.8    26.7   10:23    19.9   01:00     00.0     06.5    00.0   11.4     31.5    17:18     ENE
29    23.7    25.6   12:13    21.9   05:37     00.0     05.4    00.6   10.3     31.5    11:58     ENE
30    23.9    25.9   13:38    21.2   01:53     00.0     05.6    00.0   07.9     30.0    23:54     ENE
----------------------------------------------------------------------------------------------------------------------------------------------------------
24.8 (24.3)   31.9  day 02     17.7  day 20   000.0    193.9   004.2   07.9     51.8   day 17      SE
Max >=  30: 1
Min <=   30: 30
Max Rain: 3.4 ON 24-09-11
Days of Rain: 3 (> .2mm) 1 (> 2mm) 0 (> 20mm)