MONTHLY CLIMATOLOGICAL SUMMARY for SEP. 2013

NAME: Davis Vantage Pro 2   CITY: Ibiza ciudad STATE: Islas Baleares
ELEV: 27 LAT: 038:54:45 LONG: -001:24:58

                            TEMPERATURE ( C), RAIN (mm), WIND SPEED (kmh)

                                               HEAT     COOL           AVG
      MEAN                                     DEG      DEG            WIND                       DOM
DAY   TEMP    HIGH   TIME     LOW    TIME      DAYS     DAYS    RAIN   SPEED    HIGH    TIME      DIR
----------------------------------------------------------------------------------------------------------------------------------------------------------
01    24.4    28.0   12:29    19.9   03:30     00.0     06.1    00.0   04.4     29.6    14:31      NE
02    24.4    27.4   13:56    19.3   05:38     00.0     06.1    00.0   03.3     24.1    13:00      SE
03    23.9    27.6   13:03    19.6   05:22     00.0     05.6    00.0   03.4     22.2    14:36      SE
04    23.2    26.4   14:01    18.3   05:42     00.0     04.9    00.0   05.3     29.6    15:02     ENE
05    24.2    26.9   13:15    21.3   00:00     00.0     05.9    00.0   05.4     22.2    08:59      E 
06    24.0    27.6   14:30    19.7   05:49     00.0     05.7    00.0   06.4     24.1    22:41      S 
07    23.9    26.1   11:52    22.0   06:03     00.0     05.6    00.2   08.0     38.9    13:01     SSW
08    24.5    27.4   13:51    22.4   02:42     00.0     06.2    01.8   05.5     29.6    08:29     SSW
09    23.9    27.1   09:29    21.7   03:07     00.0     05.6    03.8   02.7     22.2    12:02     ESE
10    23.5    26.9   15:45    20.3   05:33     00.0     05.2    20.8   03.1     25.9    11:09     SSE
11    22.8    26.3   11:15    19.7   12:32     00.0     04.5    26.8   04.7     38.9    12:16      E 
12    22.7    25.6   13:02    20.4   04:20     00.0     04.4    03.6   06.3     31.4    03:16     ENE
13    22.6    25.8   11:14    19.4   05:03     00.0     04.3    00.0   01.5     18.5    09:04      SE
14    23.3    26.2   11:42    19.6   00:27     00.0     05.0    00.0   05.2     22.2    22:57     SSE
15    24.4    27.7   12:28    22.1   22:42     00.0     06.1    00.0   04.5     22.2    12:27     SSE
16    24.1    26.8   12:18    20.9   02:20     00.0     05.8    00.0   05.3     29.6    13:37     SSW
17    24.0    26.2   15:39    21.7   05:18     00.0     05.7    00.0   08.3     33.3    11:31      NE
18    24.1    26.5   13:17    22.2   02:10     00.0     05.8    00.0   03.8     20.4    09:24      E 
19    23.6    27.3   14:43    20.2   00:00     00.0     05.3    00.0   04.7     33.3    10:01     NNE
20    22.5    26.2   13:07    18.0   03:32     00.0     04.2    00.0   02.5     20.4    12:46     SSE
21    22.6    25.9   12:30    18.7   03:10     00.0     04.3    00.0   02.4     20.4    13:34     SSE
22    22.4    25.8   13:09    18.7   05:32     00.0     04.1    00.0   02.9     22.2    10:49      SE
23    21.9    25.2   14:44    17.7   04:01     00.0     03.6    00.0   02.1     18.5    14:44      SE
24    22.1    25.0   10:09    18.4   03:33     00.0     03.8    00.0   03.5     22.2    13:06     SSE
25    22.9    25.6   13:07    18.8   02:56     00.0     04.6    00.0   03.9     20.4    13:37     SSE
26    23.7    25.8   13:28    20.1   05:56     00.0     05.4    00.0   04.9     20.4    21:14     ESE
27    24.4    26.5   13:20    22.6   04:44     00.0     06.1    00.0   06.7     29.6    10:19     ENE
28    24.7    27.6   11:34    23.3   23:56     00.0     06.4    00.0   12.8     37.0    18:59      SW
29    24.8    26.9   11:38    22.1   03:24     00.0     06.5    00.0   14.5     50.0    09:55     WSW
30    25.2    27.4   12:01    23.5   06:08     00.0     06.9    00.0   14.9     42.5    01:23     WSW
----------------------------------------------------------------------------------------------------------------------------------------------------------
23.6 (23.5)   28.0  day 01     17.7  day 23   000.0    159.8   057.0   05.4     50.0   day 29     SSE
Max >=  20: 30
Max Rain: 26.8 ON 11-09-13
Days of Rain: 6 (> .2mm) 4 (> 2mm) 2 (> 20mm)