MONTHLY CLIMATOLOGICAL SUMMARY for SEP. 2016

NAME: Davis Vantage Pro 2   CITY: Ibiza ciudad STATE: Islas Baleares
ELEV: 27 LAT: 038:54:45 LONG: -001:24:58

                            TEMPERATURE ( C), RAIN (mm), WIND SPEED (kmh)

                                               HEAT     COOL           AVG
      MEAN                                     DEG      DEG            WIND                       DOM
DAY   TEMP    HIGH   TIME     LOW    TIME      DAYS     DAYS    RAIN   SPEED    HIGH    TIME      DIR
----------------------------------------------------------------------------------------------------------------------------------------------------------
01    25.2    27.4   10:23    22.9   00:00     00.0     06.9    00.0   06.7     24.1    10:38     ENE
02    24.6    27.6   11:12    21.0   05:30     00.0     06.3    00.0   03.8     22.2    13:15     ESE
03    26.1    30.7   13:58    21.7   05:12     00.0     07.8    00.2   04.8     22.2    14:09      S 
04    27.4    31.0   12:52    23.8   06:08     00.0     09.1    00.0   09.8     29.6    14:09      SW
05    28.9    36.6   11:17    25.2   23:41     00.0     10.6    00.0   06.6     25.9    10:54     SSW
06    27.1    30.6   13:26    24.1   00:00     00.0     08.8    00.0   04.7     24.1    13:59     SSE
07    25.9    28.8   08:18    22.5   05:29     00.0     07.6    00.0   04.3     22.2    11:57     ESE
08    25.8    28.1   12:31    23.8   00:00     00.0     07.5    00.0   04.4     24.1    12:18      SE
09    25.6    28.1   13:31    22.7   03:20     00.0     07.3    00.0   05.9     22.2    19:57     SSE
10    25.4    28.2   12:16    22.8   05:58     00.0     07.1    00.0   03.8     22.2    13:27      SE
11    25.1    28.2   09:58    21.2   04:55     00.0     06.8    00.0   03.8     22.2    12:37      SE
12    25.1    27.6   12:52    21.4   04:43     00.0     06.8    00.0   04.5     22.2    12:19     ESE
13    25.4    27.9   14:47    22.0   03:30     00.0     07.1    00.0   08.4     31.4    17:35     SSE
14    24.4    26.6   13:35    22.5   00:00     00.0     06.1    00.0   12.5     40.7    12:08      W 
15    23.1    26.7   15:36    18.4   05:22     00.0     04.8    00.0   05.4     31.4    10:45      SW
16    23.3    25.8   13:13    18.7   23:25     00.0     05.0    00.0   08.5     35.1    13:54     WNW
17    22.9    27.3   14:10    18.1   02:01     00.0     04.6    00.0   04.7     29.6    12:12     NNW
18    21.6    24.8   14:17    16.8   23:08     00.0     03.3    00.0   07.0     31.4    10:09      NW
19    21.9    26.1   14:03    16.7   01:45     00.0     03.6    00.0   05.9     37.0    10:23      SW
20    22.6    24.8   11:45    20.0   04:12     00.0     04.3    00.8   08.4     46.3    12:49      SW
21    23.7    27.2   12:10    20.0   05:05     00.0     05.4    00.0   06.5     35.1    11:36     SSW
22    23.8    26.4   11:15    20.1   05:42     00.0     05.5    00.0   04.0     22.2    12:35      SE
23    24.0    26.9   12:45    17.8   23:46     00.0     05.7    19.2   05.7     55.5    23:23     ESE
24    21.5    25.1   12:55    17.7   01:22     00.0     03.2    04.6   06.9     22.2    01:44     NNE
25    22.8    26.4   13:41    18.8   05:05     00.0     04.5    00.0   03.6     22.2    12:31      SE
26    23.0    25.6   12:31    20.6   03:38     00.0     04.7    00.8   03.1     18.5    14:21      E 
27    22.4    25.9   10:32    20.2   02:31     00.0     04.1    01.2   03.3     16.6    15:23      NE
28    22.7    25.4   14:16    17.6   02:53     00.0     04.4    05.6   15.0     40.7    11:21      NE
29    23.5    25.3   12:08    21.3   05:59     00.0     05.2    00.0   08.2     25.9    14:10     ENE
30    23.1    25.8   12:40    20.4   04:58     00.0     04.8    00.0   06.3     27.8    11:14     ENE
----------------------------------------------------------------------------------------------------------------------------------------------------------
24.3 (24.1)   36.6  day 05     16.7  day 19   000.0    178.9   032.4   06.2     55.5   day 23      SE
Max >=  20: 30
Max Rain: 19.2 ON 23-09-16
Days of Rain: 7 (> .2mm) 3 (> 2mm) 0 (> 20mm)