MONTHLY CLIMATOLOGICAL SUMMARY for SEP. 2017

NAME: Davis Vantage Pro 2   CITY: Ibiza ciudad STATE: Islas Baleares
ELEV: 27 LAT: 038:54:45 LONG: -001:24:58

                            TEMPERATURE ( C), RAIN (mm), WIND SPEED (kmh)

                                               HEAT     COOL           AVG
      MEAN                                     DEG      DEG            WIND                       DOM
DAY   TEMP    HIGH   TIME     LOW    TIME      DAYS     DAYS    RAIN   SPEED    HIGH    TIME      DIR
--------------------------------------------------------------------------------------------------------
01    24.7    26.3   12:46    23.1   00:00     00.0     06.4    00.0   11.5     31.4    13:04     ENE
02    23.5    25.9   09:13    19.6   00:00     00.0     05.2    00.0   07.5     31.4    13:29      NE
03    23.4    26.2   14:29    19.2   02:20     00.0     05.1    00.0   08.9     35.1    14:17     SSW
04    25.4    28.7   15:38    23.3   00:00     00.0     07.1    00.0   06.4     25.9    16:54     SSE
05    25.3    28.3   13:07    21.8   05:15     00.0     07.0    00.0   05.7     20.4    14:12     ESE
06    25.0    27.6   14:01    21.9   04:20     00.0     06.7    00.0   04.8     20.4    14:14      E 
07    24.0    26.8   09:20    21.2   11:16     00.0     05.7    16.0   03.1     27.8    10:48      SE
08    24.2    27.7   14:01    20.1   05:45     00.0     05.9    00.0   07.2     25.9    13:23     SSW
09    24.3    28.6   14:36    20.1   22:30     00.0     06.0    01.2   15.7     46.3    17:54     WSW
10    22.0    24.3   15:37    20.1   03:45     00.0     03.7    00.0   12.6     53.6    07:33      NW
11    24.9    28.4   10:50    21.7   00:01     00.0     06.6    00.0   13.1     42.5    14:57     WSW
12    24.2    26.1   12:59    21.6   00:00     00.0     05.9    00.0   17.6     57.4    12:14      N 
13    23.9    26.6   14:01    20.0   05:48     00.0     05.6    00.0   05.8     22.2    19:09      SE
14    24.4    26.9   14:46    22.5   05:19     00.0     06.1    00.0   08.7     31.4    13:02     SSW
15    23.4    26.9   13:17    19.1   23:49     00.0     05.1    00.0   15.1     48.1    22:27      NE
16    18.9    21.6   14:20    15.8   00:00     00.0     00.6    10.2   10.0     37.0    06:17     NNE
17    20.9    24.7   15:31    14.7   05:00     00.0     02.6    00.0   06.0     31.4    22:01     SSE
18    23.2    26.4   11:28    18.9   23:28     00.0     04.9    00.0   10.6     37.0    07:56     WSW
19    20.8    24.2   11:17    17.1   04:49     00.0     02.5    00.4   04.1     22.2    14:27     ENE
20    21.7    25.9   13:48    15.9   05:51     00.0     03.4    00.0   06.0     25.9    12:46      S 
21    22.8    25.5   12:26    19.1   05:04     00.0     04.5    00.0   06.7     22.2    20:52     ESE
22    23.0    24.9   12:36    21.0   05:21     00.0     04.7    00.0   10.6     31.4    12:53     ENE
23    22.2    24.9   11:45    18.8   23:39     00.0     03.9    00.0   08.6     27.8    10:05     ENE
24    21.9    25.6   11:36    17.5   05:45     00.0     03.6    00.0   07.7     37.0    12:52      SW
25    23.4    26.3   12:28    21.3   03:03     00.0     05.1    00.0   12.0     40.7    14:32      SW
26    22.8    24.3   11:38    20.7   00:00     00.0     04.5    00.0   11.2     33.3    12:59     ENE
27    21.8    24.6   11:23    19.1   23:42     00.0     03.5    00.0   03.8     18.5    15:30      E 
28    21.6    24.7   13:04    18.4   03:25     00.0     03.3    00.0   05.8     20.4    13:14     ENE
29    21.4    24.4   13:52    18.1   00:00     00.0     03.1    00.0   04.0     20.4    10:56      E 
30    20.8    24.4   13:55    16.0   03:56     00.0     02.5    00.0   03.6     22.2    13:28      SE
--------------------------------------------------------------------------------------------------------
23.0 (22.8)   28.7  day 04     14.7  day 17   000.0    140.6   027.8   08.5     57.4   day 12      E 
Max >=  20: 30
Max Rain: 16.0 ON 7-09-17
Days of Rain: 4 (> .2mm) 2 (> 2mm) 0 (> 20mm)