MONTHLY CLIMATOLOGICAL SUMMARY for SEP. 2021 NAME: Davis Vantage Pro 2 CITY: Eivissa STATE: Islas Baleares ELEV: 27 LAT: 038:54:26 LONG: 0001:24:47 TEMPERATURE ( °C), RAIN (mm), WIND SPEED (kmh) HEAT COOL AVG MEAN DEG DEG WIND DOM DAY TEMP HIGH TIME LOW TIME DAYS DAYS RAIN SPEED HIGH TIME DIR -------------------------------------------------------------------------------------------------------- 01 26.1 27.5 12:39 24.9 03:45 00.0 07.8 00.0 17.1 38.9 18:59 ENE 02 25.6 29.7 15:37 21.8 01:26 00.0 07.3 01.6 12.2 55.5 01:26 NNW 03 25.6 29.1 09:51 22.6 05:45 00.0 07.3 00.0 04.4 25.9 09:56 SE 04 25.4 28.2 10:40 21.9 05:21 00.0 07.1 00.0 04.6 18.5 15:23 E 05 25.8 28.3 13:04 22.6 03:50 00.0 07.5 00.0 05.4 18.5 17:27 ESE 06 26.1 28.2 13:35 22.5 05:38 00.0 07.8 00.0 06.0 20.4 20:33 SE 07 26.6 28.3 12:26 25.0 22:42 00.0 08.3 00.0 07.7 27.8 13:42 E 08 26.6 31.7 15:06 24.3 03:51 00.0 08.3 00.0 07.2 24.1 07:43 ENE 09 26.7 30.5 14:03 23.4 05:13 00.0 08.4 00.0 06.8 29.6 09:25 NW 10 26.0 28.9 10:01 22.8 05:56 00.0 07.7 00.0 05.4 20.4 14:07 E 11 25.8 29.1 15:07 22.8 06:10 00.0 07.5 00.0 06.4 25.9 14:11 S 12 26.0 28.2 11:23 22.9 06:09 00.0 07.7 00.0 06.2 22.2 15:42 SE 13 26.0 27.3 11:15 23.5 06:05 00.0 07.7 00.0 04.9 24.1 15:19 SE 14 26.7 28.5 12:31 24.2 04:55 00.0 08.4 00.0 08.3 38.9 14:20 ENE 15 25.4 28.5 17:13 21.1 22:03 00.0 07.1 10.2 10.6 48.1 21:00 SW 16 25.8 28.9 12:45 22.3 00:01 00.0 07.5 00.2 09.7 35.1 21:15 WSW 17 25.4 28.8 13:16 21.3 06:11 00.0 07.1 00.0 06.8 29.6 12:03 SSW 18 24.9 27.6 14:00 21.8 05:30 00.0 06.6 00.0 10.3 33.3 14:15 SW 19 24.4 26.8 14:30 22.6 00:00 00.0 06.1 00.0 13.5 42.5 08:00 N 20 23.3 27.1 10:11 18.4 23:21 00.0 05.0 09.0 09.5 44.4 22:30 NNE 21 20.5 23.2 11:34 18.2 00:51 00.0 02.2 06.4 12.6 44.4 14:36 NNE 22 22.4 25.6 12:35 18.4 04:08 00.0 04.1 12.4 13.1 42.5 16:30 NNE 23 24.5 26.6 11:01 21.4 06:26 00.0 06.2 00.0 17.2 46.3 11:47 NE 24 25.5 27.9 14:42 24.3 23:09 00.0 07.2 00.0 14.8 33.3 21:12 NNE 25 25.8 29.5 12:22 23.8 03:05 00.0 07.5 00.0 06.2 24.1 03:19 NNE 26 25.0 29.6 13:43 20.9 00:00 00.0 06.7 00.0 04.4 20.4 12:10 NW 27 23.4 27.6 13:20 19.3 04:05 00.0 05.1 00.0 06.3 31.4 13:29 SW 28 23.6 26.9 12:13 19.4 06:18 00.0 05.3 00.0 05.0 22.2 14:30 SSE 29 23.4 26.9 13:16 20.1 06:14 00.0 05.1 00.0 04.6 25.9 09:24 SW 30 23.4 25.0 14:50 21.2 11:25 00.0 05.1 21.4 07.0 38.9 11:01 E -------------------------------------------------------------------------------------------------------- 25.1 (25.0) 31.7 day 08 18.2 day 21 000.0 202.8 061.2 08.5 55.5 day 02 NE Max >= 30: 2 Min <= 30: 30 Max Rain: 21.4 ON 30-09-21 Days of Rain: 7 (> .2mm) 5 (> 2mm) 1 (> 20mm)