YEARLY CLIMATOLOGICAL SUMMARY for Dec 2021 NAME: Davis Vantage Pro 2 CITY: Eivissa STATE: Islas Baleares ELEV: 27 LAT: 038:54:26 LONG: 0001:24:47 TEMPERATURE ( °C), RAIN (mm), WIND SPEED (kmh) HEAT COOL AVG MEAN DEG DEG WIND DOM MTH TEMP HIGH TIME LOW TIME DAYS DAYS RAIN SPEED HIGH TIME DIR -------------------------------------------------------------------------------------------------------- 01 12.4 25.7 13:53 03.1 04:47 0184.1 0002.2 57.8 12.6 81.4 23:55 W 02 14.4 21.0 14:54 07.7 06:04 0110.8 0000.7 04.2 10.2 75.8 23:53 W 03 13.7 20.2 13:28 06.4 18:06 0142.7 0000.0 68.4 10.4 66.6 23:56 NW 04 15.2 23.1 12:08 06.5 02:57 0092.4 0000.1 28.6 09.7 46.3 23:53 NNW 05 19.0 28.0 11:22 13.3 03:55 0008.2 0028.7 49.6 09.8 61.0 23:56 NNW 06 23.3 29.4 10:44 16.2 04:38 0000.0 0149.2 10.0 08.5 44.4 23:56 N 07 25.6 32.2 11:41 19.6 03:05 0000.0 0226.6 06.4 08.0 55.5 23:57 NNE 08 26.7 33.9 12:18 21.0 03:40 0000.0 0260.6 00.8 09.2 51.8 23:55 NE 09 25.1 31.7 15:06 18.2 00:51 0000.0 0202.7 61.2 08.5 55.5 23:52 NE 10 20.0 26.7 11:26 12.5 06:30 0002.6 0055.5 115.2 07.2 59.2 23:57 NE 11 15.1 24.6 03:46 08.9 08:33 0100.3 0005.5 138.6 11.4 74.0 23:57 NNE 12 14.4 21.9 12:25 08.2 05:55 0122.4 0001.2 03.8 10.8 77.7 23:56 N -------------------------------------------------------------------------------------------------------- 18.8 33.9 3.1 763.6 933.0 544.6 9.7 81.4 N Max >= 32.0: 18 Max <= 0.0: 0 Min <= 0.0: 365 Min <= -18.0: 0 Max >= 32.0: 18 Max <= 0.0: 0 Min <= 0.0: 365 Min <= -18.0: 0 Max <= -5.0: 0 Min <= -5.0: 0 Max <= -10.0: 0 Min <= -10.0: 0 Max <= -15.0: 0 Min <= -15.0: 0 Max <= -20.0: 0 Min <= -20.0: 0 Max <= -25.0: 0 Min <= -25.0: 0 Max Rain: 0.2 ON 31-01-22 Days of Rain: 102 (> .2mm) 45 (> 2mm) 6 (> 20mm) Days of Rain: 11 (> .2mm) 0 (> 2mm) 0 (> 20mm)